-308. What is the tens digit of t?
2
What is the tens digit of 6/4*(7561722/583 - 4/11)?
5
Suppose 4*z - 2*v - 22 = 0, 7 = 4*z - 22*v + 17*v. Let t = -5 + 5. Suppose t = z*o - 9*o + 13. What is the tens digit of o?
1
Let g(p) = 3040*p**2 + 37*p + 36. What is the thousands digit of g(-1)?
3
Let t(g) = -2*g**3 + 106*g**2 - 939. What is the hundreds digit of t(44)?
9
Let t(r) = -r**2 + 12*r - 14. Let j be t(13). Let n = 11 + j. What is the units digit of 1/1 - (n + -44)?
1
Let w(m) = 11*m**2 + 4*m + 13. Let d be w(7). Let q = d - 214. What is the hundreds digit of q?
3
Let c = 14751 - 8396. What is the units digit of c?
5
Suppose -26153 - 16092 = -7*i. Suppose i = 27*u - 10*u. What is the tens digit of u?
5
Let u be (3 - 1)/(14/21) + 3. Suppose -u*l - 51 = -5*l. What is the units digit of (187/l)/(2/(-12))?
2
Suppose -4*l + 1 = -5*l. Suppose -2*s = -2*y - 12, 0 = -5*y + 2*s - 0*s - 30. What is the tens digit of l/(y/(-471))*-2?
5
Suppose 3*t = u + 185, -t = -2*u - 4*t - 334. Let h = u + 494. What is the hundreds digit of h?
3
What is the thousands digit of (48666/(-15) - -4)*(-5)/2?
8
Let i(n) = -2*n**3 - 96*n**2 + 147*n + 911. What is the hundreds digit of i(-53)?
2
Suppose 10*y - 1505484 = -47*y. What is the hundreds digit of y?
4
Let a(f) be the second derivative of -f + 2*f**2 + 1/6*f**4 + 0 + 17/6*f**3. What is the tens digit of a(-10)?
3
Suppose 6*o - 28 = 8*o. Let h be (7/o*2)/(2/(-8)). Suppose 0 = -0*f + h*f - 764. What is the units digit of f?
1
Suppose -160 = 3*z - 11*z. Let c be 15/z*(-16)/(-1). Suppose -10*f + c*f = 128. What is the tens digit of f?
6
What is the units digit of 3*1135 - (-40 + 46)?
9
Let r = -172 - -70. What is the tens digit of (-244)/2*(r/12 + 5)?
2
Let g = 6671 - -1366. What is the tens digit of g?
3
Let o be 1059 - (3 + (8 - 4) - 4). Suppose 253 = 7*u - o. What is the tens digit of u?
8
Suppose -42*x + 46946 = -21262. What is the tens digit of x?
2
Let t be (-8)/10*((-156)/(-4) + 1). Let b be (-3)/12 - 12776/t. Let r = b - 237. What is the units digit of r?
2
Let u(j) = -390*j - 8 - 400*j + 20*j**2 + 784*j. What is the hundreds digit of u(7)?
9
Suppose -54*j - 2956 = -5*h - 58*j, -2*h + 2*j + 1168 = 0. What is the hundreds digit of h?
5
What is the tens digit of (5876/(-6))/((-80)/(-220) + (-46)/66)?
3
What is the units digit of ((-285)/(-3))/(-19) - (-2)/(8/111388)?
2
Suppose 0*h - 294 = 42*h. What is the hundreds digit of h + (-3 + 1 - -905)?
8
Let t(d) = 5*d**2 + 4*d - 6. Let z be t(2). Let c be (-6 - -1)*22/z. What is the tens digit of 33/5*(-3 - c - -23)?
6
Let q = 9 - 6. Suppose 169 = h - q*w, -3*h + 496 = -3*w + 5*w. What is the hundreds digit of h?
1
Let x(t) = -544*t + 69387. What is the hundreds digit of x(0)?
3
Suppose -5*q = -c + 100, 3*q + 3 = 2*q. Suppose -z = -137 - c. What is the tens digit of z?
2
Let q(t) = t**3 - 2*t**2 + 10*t + 2. Suppose -39*h + 35*h = 232. Let a = h - -63. What is the units digit of q(a)?
7
Let j(f) = f**3 + 17*f**2 + 15*f + 16. Let p = -10 + 25. Let g = p - 31. What is the tens digit of j(g)?
3
Let z = 51 - 44. Suppose z*x + 666 = x. Let p = 209 + x. What is the units digit of p?
8
Let m = 178 - 179. What is the hundreds digit of -8 + 3 + (1/m - -238)?
2
Suppose -2*m + 3*u + 13177 = 0, 661*m - 662*m + u = -6588. What is the units digit of m?
7
Let r = 975 + 97. Suppose 3*f - r = 4*b, b = 5*f - f - 1412. What is the tens digit of f?
5
Let o = 86 - -40. Suppose -2*k = 2*n + 170, -3*k - 133 = -n + o. Let p = 129 + k. What is the tens digit of p?
4
Suppose 4*w - 6 - 3 = f, 0 = -4*f - w + 15. Suppose -f*i - 20 = -5*i. Suppose i*v - 909 = 1481. What is the hundreds digit of v?
2
Let v = 4853 + -521. Suppose -190*t + 196*t = v. What is the tens digit of t?
2
Let c = 78 + -53. Suppose 3*i + 0*i - 1896 = 0. Suppose 29*d = c*d + i. What is the hundreds digit of d?
1
What is the hundreds digit of 9/((-189)/(-35))*36/10 - -27683?
6
Let z(t) = 3*t - 42. Let y be z(4). What is the units digit of (2928/9)/(y/(-45))?
8
Let f = -6485 - -9019. What is the hundreds digit of f?
5
Suppose 1 = -w + 7. Suppose 3 = -3*z + w. What is the units digit of (0 - z) + 36/12?
2
Suppose 23116 - 87249 = -7*a + 90056. What is the tens digit of a?
2
Let z(f) be the second derivative of 2*f**4/3 + 5*f**3/3 - 13*f**2/2 + 17*f. Let w(r) = r**2 + r. Let j(v) = -6*w(v) + z(v). What is the tens digit of j(4)?
3
Let q(s) = 3061*s - 819. What is the ten thousands digit of q(9)?
2
Let s = 1200 + -660. Let x = 1214 - s. What is the tens digit of x?
7
Let h = 278 + -466. Let n = 221 - h. What is the units digit of n?
9
Suppose -2*h = 5*p - 19, 4*h = 3*p + p - 4. Suppose 1542 = 3*o + 3*y, -5*o + p*y - 204 = -2806. What is the units digit of o?
8
Let w(g) = g**2 - 4*g - 10. Let c be 158/22 - (-8)/(-44). Let j be w(c). Let v = j - -12. What is the units digit of v?
3
Let n(q) be the first derivative of 7*q**3/3 - 9*q**2/2 - 24*q + 100. What is the hundreds digit of n(-10)?
7
Let z = -11 + 17. Let d be 3 - (z*8)/(-1). Let r = d + -43. What is the units digit of r?
8
Suppose -2*d + 14*n + 91477 = 11*n, -2*d + 91435 = 3*n. What is the tens digit of d?
2
Let d(x) = x**2 - 6*x - 11. Let v be d(8). Suppose 6*a = -1 - v. What is the tens digit of (4*a)/(0 + (-6)/141)?
9
Let b = 8928 + -3114. Suppose 0 = 8*f - 6762 - b. What is the tens digit of f?
7
Suppose -89*c + 13*c = 33*c - 1821935. What is the ten thousands digit of c?
1
Suppose -103*h + 951731 = -139863. What is the thousands digit of h?
0
What is the thousands digit of -5 - (-15 + 12 - 10396)?
0
Suppose -139*x + 22904 = -138*x + 2*o, 5*x = 4*o + 114492. What is the thousands digit of x?
2
Let q = 188 + -183. Suppose 0 = q*j - 3*y - 404, -j + 2*y + 401 = 4*j. What is the units digit of j?
9
Suppose -4*i - i = -5. Let q be ((-1644)/(-2))/(i + 1). What is the tens digit of -3 - -1 - (q/(-3) + -4)?
3
Suppose 20 = 7*q - 17*q. What is the units digit of (-190894)/(-99) + q/9?
8
Let m(y) = -47 + 58*y**2 - 17*y - 20*y**2 + 8 + 19*y**2 + 2. What is the tens digit of m(-4)?
4
Let w(k) = -k + 81 + 0*k**2 - k**2 - 11 + 0*k. Suppose -5*j - 25 = 5*i, 3*j - 2*i = -2*j + 10. What is the tens digit of w(j)?
7
Let a = 4 - 4. Suppose 105 = 3*h + 4*g, -3*h + 2*g + a*g + 87 = 0. Suppose -h = -r + 20. What is the tens digit of r?
5
Let x(q) = 8*q + 1. Suppose -2*b - 16 = 8. Let p = b + 14. What is the tens digit of x(p)?
1
Let n(y) = -2*y**2 + 3*y - 14. Let s be n(6). Let a = 107 + s. Suppose -l + 38 = -4*w, w - 28 = -2*l + a. What is the tens digit of l?
3
Suppose 12 = -2*f - 5*w, 0*w - 2*w - 24 = 4*f. Let b = -2 - f. What is the units digit of 4*(b + 0)/16 + 61?
2
Let x be 19/21 + 5/((-315)/(-6)). Let v(j) = 42*j**2 + j. What is the units digit of v(x)?
3
Let w(d) = -16*d**2 + 12*d. Let m be w(-4). Let f = 767 + m. What is the tens digit of f?
6
Let b be ((-393)/4)/(1768/256 - 7). Let y = b - 662. What is the tens digit of y?
8
Suppose -4*g = -4*q + 4140, 0 = -2*q - 3*q - 2*g + 5182. Let h = 2227 - q. What is the units digit of h?
1
Let z = 2061 + -3314. Let p = -893 - z. Suppose -5*n - p = -13*n. What is the tens digit of n?
4
Suppose 24*g - 14163 + 4707 = 0. Let t = 3 - 0. Suppose 0 = 4*u - 4*h - 396, 2*u = -2*u + t*h + g. What is the tens digit of u?
9
Let a = -1058 + 1569. Suppose 20*o - a = 10049. What is the units digit of o?
8
Suppose p - 4838 = -14*f + 16*f, -4*f = 24. What is the tens digit of p?
2
Let b = 37 + -29. Let o be ((-196)/3)/(b/(-12)). Let v = o + -13. What is the units digit of v?
5
Let j(x) = -51*x - 78. Let q(r) = -52*r - 73. Let s(n) = -3*j(n) + 2*q(n). What is the hundreds digit of s(12)?
6
Let x(i) = i**3 - 18*i**2 + 17*i + 1. Let y be x(17). Let o be ((-144)/(-360))/(42/40 - y). Let h = -6 + o. What is the units digit of h?
2
Let v = 27 - 27. Suppose 2*o - 98 = s + 46, 5*o + 3*s - 371 = v. Let p = o + -44. What is the tens digit of p?
2
Let i(p) = -p**3 - 39*p**2 - 77*p - 90. Let v be i(-37). Suppose -v*k + 31806 = 17*k. What is the tens digit of k?
3
Suppose 175 = 66*q - 61*q. Suppose 0*b + b - q = 0. What is the hundreds digit of 4*(b - (-1 - 1))?
1
Let d be 3 - 7 - (-8)/1. Suppose 3*l - 2*l - d*k - 137 = 0, -363 = -3*l - 4*k. Let o = 3 + l. What is the hundreds digit of o?
1
Let a(i) = -i**3 + 6*i**2 + 3*i - 15. Let x be a(6). Let h(n) = -14 + 10*n + 7*n**x 